8211?
6
What is the hundred thousands digit of 421796492?
7
What is the ten millions digit of 1360166644?
6
What is the ten millions digit of 85173504?
8
What is the ten thousands digit of 21863880?
6
What is the thousands digit of 1741618561?
8
What is the ten millions digit of 52276436?
5
What is the units digit of 121271971?
1
What is the ten millions digit of 454685067?
5
What is the thousands digit of 30985690?
5
What is the hundred millions digit of 2493126327?
4
What is the thousands digit of 608025538?
5
What is the units digit of 57223782?
2
What is the ten thousands digit of 19239583?
3
What is the ten millions digit of 159351380?
5
What is the millions digit of 1403557988?
3
What is the units digit of 25813625?
5
What is the ten thousands digit of 241669630?
6
What is the ten millions digit of 20716852?
2
What is the hundred thousands digit of 286954095?
9
What is the ten thousands digit of 188303428?
0
What is the hundreds digit of 3347376716?
7
What is the tens digit of 48959225?
2
What is the thousands digit of 573672278?
2
What is the ten millions digit of 920417392?
2
What is the ten thousands digit of 11206220?
0
What is the ten thousands digit of 27156865?
5
What is the hundred thousands digit of 220299721?
2
What is the hundreds digit of 856553618?
6
What is the ten thousands digit of 109411370?
1
What is the thousands digit of 627610169?
0
What is the ten thousands digit of 11950908?
5
What is the hundred thousands digit of 521855395?
8
What is the millions digit of 1826540813?
6
What is the ten thousands digit of 29303049?
0
What is the hundred thousands digit of 283302348?
3
What is the hundred thousands digit of 471049944?
0
What is the units digit of 103858045?
5
What is the thousands digit of 3574375580?
5
What is the hundred millions digit of 2650403396?
6
What is the hundreds digit of 89950?
9
What is the units digit of 6918902928?
8
What is the hundred millions digit of 1810532656?
8
What is the ten millions digit of 65370806?
6
What is the units digit of 122375313?
3
What is the hundred millions digit of 170933407?
1
What is the ten millions digit of 1183018763?
8
What is the millions digit of 90594510?
0
What is the units digit of 94926238?
8
What is the units digit of 150756358?
8
What is the millions digit of 25509248?
5
What is the hundred thousands digit of 22262008?
2
What is the thousands digit of 269095257?
5
What is the millions digit of 1918540748?
8
What is the hundred thousands digit of 185260587?
2
What is the units digit of 103509252?
2
What is the thousands digit of 940722690?
2
What is the tens digit of 439035060?
6
What is the units digit of 492007302?
2
What is the millions digit of 1482901112?
2
What is the hundreds digit of 169170826?
8
What is the hundreds digit of 180410788?
7
What is the millions digit of 302779856?
2
What is the ten thousands digit of 1099290879?
9
What is the ten millions digit of 732307564?
3
What is the hundred millions digit of 1818578505?
8
What is the hundred thousands digit of 1034852562?
8
What is the ten thousands digit of 53460294?
6
What is the hundreds digit of 207609519?
5
What is the ten thousands digit of 142040636?
4
What is the hundreds digit of 77886307?
3
What is the ten millions digit of 44736471?
4
What is the ten thousands digit of 5122509?
2
What is the units digit of 244927503?
3
What is the hundred millions digit of 176500645?
1
What is the units digit of 419891387?
7
What is the hundreds digit of 2589072210?
2
What is the millions digit of 125555501?
5
What is the units digit of 1508891491?
1
What is the hundred thousands digit of 315064652?
0
What is the hundred thousands digit of 121264193?
2
What is the thousands digit of 117621520?
1
What is the tens digit of 8796145?
4
What is the ten thousands digit of 3600731?
0
What is the hundreds digit of 9080431?
4
What is the units digit of 27315352?
2
What is the hundred millions digit of 1588560421?
5
What is the ten thousands digit of 3421472622?
7
What is the tens digit of 309217044?
4
What is the millions digit of 323955920?
3
What is the millions digit of 23251681?
3
What is the ten millions digit of 491818841?
9
What is the hundred millions digit of 1885547681?
8
What is the tens digit of 269105366?
6
What is the thousands digit of 147273320?
3
What is the millions digit of 2635412?
2
What is the tens digit of 1124596015?
1
What is the ten millions digit of 47021824?
4
What is the hundreds digit of 897580976?
9
What is the hundreds digit of 403735512?
5
What is the millions digit of 80310227?
0
What is the ten millions digit of 18920792?
1
What is the hundred millions digit of 3237797662?
2
What is the tens digit of 50432885?
8
What is the units digit of 522182740?
0
What is the tens digit of 53407527?
2
What is the millions digit of 191885973?
1
What is the units digit of 821326909?
9
What is the millions digit of 38901577?
8
What is the ten millions digit of 57171005?
5
What is the thousands digit of 39517253?
7
What is the thousands digit of 180638079?
8
What is the units digit of 32413585?
5
What is the thousands digit of 89423241?
3
What is the tens digit of 67043316?
1
What is the hundred thousands digit of 4028592?
0
What is the hundreds digit of 3445246276?
2
What is the hundreds digit of 1779334193?
1
What is the ten millions digit of 49385128?
4
What is the millions digit of 2538713169?
8
What is the hundreds digit of 10916862?
8
What is the hundred thousands digit of 30796572?
7
What is the hundreds digit of 57057591?
5
What is the ten thousands digit of 144685586?
8
What is the tens digit of 172142346?
4
What is the units digit of 1407425673?
3
What is the hundred millions digit of 199447479?
1
What is the ten thousands digit of 652184159?
8
What is the units digit of 113322228?
8
What is the hundred millions digit of 502124710?
5
What is the units digit of 83872657?
7
What is the tens digit of 1627242179?
7
What is the millions digit of 442229348?
2
What is the tens digit of 5967638738?
3
What is the hundred millions digit of 174996399?
1
What is the tens digit of 38468815?
1
What is the units digit of 5825663?
3
What is the ten millions digit of 124614715?
2
What is the hundred thousands digit of 170962677?
9
What is the ten thousands digit of 948128511?
2
What is the hundred thousands digit of 22823562?
8
What is the hundreds digit of 61881616?
6
What is the ten thousands digit of 9809997?
0
What is the tens digit of 608548822?
2
What is the tens digit of 159994021?
2
What is the thousands digit of 168059960?
9
What is the ten millions digit of 2478305247?
7
What is the tens digit of 139805601?
0
What is the billions digit of 6504863431?
6
What is the millions digit of 2086171406?
6
What is the hundred thousands digit of 27047582?
0
What is the ten millions digit of 640435036?
4
What is the millions digit of 33627987?
3
What is the millions digit of 383698574?
3
What is the ten thousands digit of 127542055?
4
What is the ten thousands digit of 44572464?
7
What is the ten millions digit of 55511949?
5
What is the tens digit of 702519271?
7
What is the hundred thousands digit of 471015209?
0
What is the tens digit of 93966261?
6
What is the ten thousands digit of 554003466?
0
What is the thousands digit of 2371703004?
3
What is the tens digit of 2013851312?
1
What is the units digit of 189873675?
5
What is the ten thousands digit of 2833615550?
1
What is the billions digit of 1559187145?
1
What is the thousands digit of 774304026?
4
What is the hundred thousands digit of 1769942211?
9
What is the hundreds digit of 1797828827?
8
What is the units digit of 163069975?
5
What is the ten thousands digit of 21092599?
9
What is the tens digit of 411220134?
3
What is the ten millions digit of 644081140?
4
What is the hundreds digit of 1452537082?
0
What is the thousands digit of 3336538?
6
What is the hundreds digit of 19551987?
9
What is the ten millions digit of 180833385?
8
What is the ten thousands digit of 309790912?
9
What is the millions digit of 76346381?
6
What is the hundred thousands digit of 2574173887?
1
What is the billions digit of 2473259581?
2
What is the hundreds digit of 2219015?
0
What is the ten thousands digit of 2667540234?
4
What is the thousands digit of 17360584